{"id":952,"date":"2016-07-15T14:19:28","date_gmt":"2016-07-15T14:19:28","guid":{"rendered":"http:\/\/test.kriesi.at\/enfold-medical\/?page_id=952"},"modified":"2021-07-20T15:09:49","modified_gmt":"2021-07-20T13:09:49","slug":"mieter","status":"publish","type":"page","link":"https:\/\/renta-hv.net\/cms-2017\/mieter\/","title":{"rendered":"Mieter"},"content":{"rendered":"<\/div><\/div><\/div><!-- close content main div --><\/div><\/div><div id='av-layout-grid-1' class='av-layout-grid-container entry-content-wrapper main_color av-flex-cells    container_wrap sidebar_right'   >\n<div class=\"flex_cell no_margin av_one_half   avia-full-stretch av-zero-padding \" style='height:350px; min-height:350px;background-image:url(https:\/\/renta-hv.net\/cms-2017\/wp-content\/uploads\/2016\/07\/bfw_blnstr99hi.jpg); background-position:center center; background-repeat:no-repeat; background-attachment:scroll; vertical-align:middle; padding:0px; background-color:#9f2134; '><div class='flex_cell_inner' ><\/div><\/div><div class=\"flex_cell no_margin av_one_half   \" style='height:350px; min-height:350px;vertical-align:middle; padding:50; background-color:#b7b7b7; '><div class='flex_cell_inner' ><p><div style='padding-bottom:25px;color:#ffffff;font-size:25px;' class='av-special-heading av-special-heading-h3 custom-color-heading blockquote modern-quote   av-inherit-size '><h3 class='av-special-heading-tag '  itemprop=\"headline\"  >Wohnung oder Gewerbefl\u00e4chen gesucht?<\/h3><div class='special-heading-border'><div class='special-heading-inner-border' style='border-color:#ffffff'><\/div><\/div><\/div><br \/>\n<section class=\"av_textblock_section \"  itemscope=\"itemscope\" itemtype=\"https:\/\/schema.org\/CreativeWork\" ><div class='avia_textblock  av_inherit_color '  style='color:#ffffff; '  itemprop=\"text\" ><p>Dann rufen Sie uns unter der Telefonnummer <span style=\"font-size: 16px; color: #993300;\"><strong>+49 3344 33599 &#8211; 33<\/strong><\/span> an!<\/p>\n<\/div><\/section><br \/>\n<div style='padding-bottom:25px;color:#ffffff;font-size:25px;' class='av-special-heading av-special-heading-h3 custom-color-heading blockquote modern-quote   av-inherit-size '><h3 class='av-special-heading-tag '  itemprop=\"headline\"  >WIR SIND F\u00dcR SIE DA!<\/h3><div class='special-heading-border'><div class='special-heading-inner-border' style='border-color:#ffffff'><\/div><\/div><\/div><br \/>\n<section class=\"av_textblock_section \"  itemscope=\"itemscope\" itemtype=\"https:\/\/schema.org\/CreativeWork\" ><div class='avia_textblock  av_inherit_color '  style='color:#ffffff; '  itemprop=\"text\" ><p>Bei Fragen oder W\u00fcnschen stehen wir Ihnen gern pers\u00f6nlich, telefonisch oder per E-Mail zur Verf\u00fcgung. Ihre Ansprechpartner sowie Kontaktdaten finden Sie in der<\/p>\n<p><span style=\"color: #800000;\"><a style=\"color: #800000;\" href=\"https:\/\/renta-hv.net\/cms-2017\/standorte\/\">Standort\u00fcbersicht<\/a><\/span><\/p>\n<\/div><\/section><\/p>\n<\/div><\/div><\/div><\/div><\/div><\/div><!-- close content main div --><\/div><\/div><div id='av_section_1' class='avia-section main_color avia-section-default avia-no-border-styling avia-bg-style-scroll   container_wrap sidebar_right'   ><div class='container' ><div class='template-page content  av-content-small alpha units'><div class='post-entry post-entry-type-page post-entry-952'><div class='entry-content-wrapper clearfix'>\n<div class=\"flex_column av_one_half  av-animated-generic bottom-to-top  flex_column_div av-zero-column-padding first  \" style='margin-top:0px; margin-bottom:0px; border-width:10px; border-color:#ffffff; border-style:solid; border-radius:0px; '><p><div style='padding-bottom:10px;' class='av-special-heading av-special-heading-h3     '><h3 class='av-special-heading-tag '  itemprop=\"headline\"  >Informationen und Hinweise zum Wohnen<\/h3><div class='special-heading-border'><div class='special-heading-inner-border' ><\/div><\/div><\/div><br \/>\n<section class=\"av_textblock_section \"  itemscope=\"itemscope\" itemtype=\"https:\/\/schema.org\/CreativeWork\" ><div class='avia_textblock  '   itemprop=\"text\" ><p style=\"text-align: justify;\">Uns ist das Vertrauen und die Zufriedenheit unserer Mieter sehr wichtig. Damit Sie Ihre Rechte und M\u00f6glichkeiten rund um das Thema &#8220;Wohnen&#8221; kennen, haben wir Ihnen in unserem Servicebereich wichtige Informationen und Hinweise zusammengestellt, z.B.<\/p>\n<ul style=\"text-align: justify;\">\n<li>was ein <a href=\"https:\/\/renta-hv.net\/cms-2017\/wohnberechtigungsschein\/\"><strong>Wohnberechtigungsschein<\/strong><\/a> ist<\/li>\n<li>woran Sie bei einem <strong>Wohnungswechsel<\/strong> denken m\u00fcssen<\/li>\n<li>wie Sie <strong><a href=\"https:\/\/renta-hv.net\/cms-2017\/haeufige-fragen\/\">&#8220;richtig&#8221; heizen und l\u00fcften<\/a><\/strong> &#8211; und dabei auch noch Geld sparen k\u00f6nnen<\/li>\n<li>wie Sie Ihren <strong><a href=\"https:\/\/renta-hv.net\/cms-2017\/haeufige-fragen\/\">Wasser- und Stromverbrauch reduzieren<\/a><\/strong> &#8211; und somit auch die Verbrauchskosten<\/li>\n<\/ul>\n<p style=\"text-align: justify;\">Weitere Fragen beantworten\u00a0wir hier: <a href=\"https:\/\/renta-hv.net\/cms-2017\/haeufige-fragen\/\">FAQ &#8211; H\u00e4ufige Fragen<\/a>.<\/p>\n<\/div><\/section><\/p><\/div><div class=\"flex_column av_one_half  av-animated-generic bottom-to-top  flex_column_div av-zero-column-padding   \" style='margin-top:0px; margin-bottom:0px; border-width:10px; border-color:#ffffff; border-style:solid; border-radius:0px; '><p><div style='padding-bottom:10px;' class='av-special-heading av-special-heading-h3     '><h3 class='av-special-heading-tag '  itemprop=\"headline\"  >Sie m\u00f6chten Mieter bei uns werden?<\/h3><div class='special-heading-border'><div class='special-heading-inner-border' ><\/div><\/div><\/div><br \/>\n<section class=\"av_textblock_section \"  itemscope=\"itemscope\" itemtype=\"https:\/\/schema.org\/CreativeWork\" ><div class='avia_textblock  '   itemprop=\"text\" ><p>Dann z\u00f6gern Sie nicht und nehmen Sie mit uns an unter unserer Telefonnummer <strong>+49 3344 33599 &#8211; 33<\/strong> Kontakt auf. Wir freuen uns auf Ihren Anruf!<\/p>\n<p>Gerne unterst\u00fctzen wir Sie auch pers\u00f6nlich bei der Suche nach einem passenden Objekt. Ihren Ansprechpartner finden Sie in der \u00dcbersicht <a href=\"https:\/\/renta-hv.net\/cms-2017\/standorte\/\">Standorte der RENTA\u00a0Hausverwaltung<\/a>.<\/p>\n<\/div><\/section><\/p><\/div><\/div><\/div><\/div><!-- close content main div --><\/div><\/div><div id='after_section_1' class='main_color av_default_container_wrap container_wrap sidebar_right'   ><div class='container' ><div class='template-page content  av-content-small alpha units'><div class='post-entry post-entry-type-page post-entry-952'><div class='entry-content-wrapper clearfix'><\/p>\n","protected":false},"excerpt":{"rendered":"","protected":false},"author":1,"featured_media":0,"parent":0,"menu_order":0,"comment_status":"closed","ping_status":"closed","template":"","meta":[],"_links":{"self":[{"href":"https:\/\/renta-hv.net\/cms-2017\/wp-json\/wp\/v2\/pages\/952"}],"collection":[{"href":"https:\/\/renta-hv.net\/cms-2017\/wp-json\/wp\/v2\/pages"}],"about":[{"href":"https:\/\/renta-hv.net\/cms-2017\/wp-json\/wp\/v2\/types\/page"}],"author":[{"embeddable":true,"href":"https:\/\/renta-hv.net\/cms-2017\/wp-json\/wp\/v2\/users\/1"}],"replies":[{"embeddable":true,"href":"https:\/\/renta-hv.net\/cms-2017\/wp-json\/wp\/v2\/comments?post=952"}],"version-history":[{"count":10,"href":"https:\/\/renta-hv.net\/cms-2017\/wp-json\/wp\/v2\/pages\/952\/revisions"}],"predecessor-version":[{"id":1573,"href":"https:\/\/renta-hv.net\/cms-2017\/wp-json\/wp\/v2\/pages\/952\/revisions\/1573"}],"wp:attachment":[{"href":"https:\/\/renta-hv.net\/cms-2017\/wp-json\/wp\/v2\/media?parent=952"}],"curies":[{"name":"wp","href":"https:\/\/api.w.org\/{rel}","templated":true}]}}

</div></div></div><!-- close content main div --></div></div><div id='av-layout-grid-1' class='av-layout-grid-container entry-content-wrapper main_color av-flex-cells    container_wrap sidebar_right'   >
<div class="flex_cell no_margin av_one_half   avia-full-stretch av-zero-padding " style='height:350px; min-height:350px;background-image:url(https://renta-hv.net/cms-2017/wp-content/uploads/2016/07/bfw_blnstr99hi.jpg); background-position:center center; background-repeat:no-repeat; background-attachment:scroll; vertical-align:middle; padding:0px; background-color:#9f2134; '><div class='flex_cell_inner' ></div></div><div class="flex_cell no_margin av_one_half   " style='height:350px; min-height:350px;vertical-align:middle; padding:50; background-color:#b7b7b7; '><div class='flex_cell_inner' ><p><div style='padding-bottom:25px;color:#ffffff;font-size:25px;' class='av-special-heading av-special-heading-h3 custom-color-heading blockquote modern-quote   av-inherit-size '><h3 class='av-special-heading-tag '  itemprop="headline"  >Wohnung oder Gewerbeflächen gesucht?</h3><div class='special-heading-border'><div class='special-heading-inner-border' style='border-color:#ffffff'></div></div></div><br />
<section class="av_textblock_section "  itemscope="itemscope" itemtype="https://schema.org/CreativeWork" ><div class='avia_textblock  av_inherit_color '  style='color:#ffffff; '  itemprop="text" ><p>Dann rufen Sie uns unter der Telefonnummer <span style="font-size: 16px; color: #993300;"><strong>+49 3344 33599 &#8211; 33</strong></span> an!</p>
</div></section><br />
<div style='padding-bottom:25px;color:#ffffff;font-size:25px;' class='av-special-heading av-special-heading-h3 custom-color-heading blockquote modern-quote   av-inherit-size '><h3 class='av-special-heading-tag '  itemprop="headline"  >WIR SIND FÜR SIE DA!</h3><div class='special-heading-border'><div class='special-heading-inner-border' style='border-color:#ffffff'></div></div></div><br />
<section class="av_textblock_section "  itemscope="itemscope" itemtype="https://schema.org/CreativeWork" ><div class='avia_textblock  av_inherit_color '  style='color:#ffffff; '  itemprop="text" ><p>Bei Fragen oder Wünschen stehen wir Ihnen gern persönlich, telefonisch oder per E-Mail zur Verfügung. Ihre Ansprechpartner sowie Kontaktdaten finden Sie in der</p>
<p><span style="color: #800000;"><a style="color: #800000;" href="https://renta-hv.net/cms-2017/standorte/">Standortübersicht</a></span></p>
</div></section></p>
</div></div></div></div></div></div><!-- close content main div --></div></div><div id='av_section_1' class='avia-section main_color avia-section-default avia-no-border-styling avia-bg-style-scroll   container_wrap sidebar_right'   ><div class='container' ><div class='template-page content  av-content-small alpha units'><div class='post-entry post-entry-type-page post-entry-952'><div class='entry-content-wrapper clearfix'>
<div class="flex_column av_one_half  av-animated-generic bottom-to-top  flex_column_div av-zero-column-padding first  " style='margin-top:0px; margin-bottom:0px; border-width:10px; border-color:#ffffff; border-style:solid; border-radius:0px; '><p><div style='padding-bottom:10px;' class='av-special-heading av-special-heading-h3     '><h3 class='av-special-heading-tag '  itemprop="headline"  >Informationen und Hinweise zum Wohnen</h3><div class='special-heading-border'><div class='special-heading-inner-border' ></div></div></div><br />
<section class="av_textblock_section "  itemscope="itemscope" itemtype="https://schema.org/CreativeWork" ><div class='avia_textblock  '   itemprop="text" ><p style="text-align: justify;">Uns ist das Vertrauen und die Zufriedenheit unserer Mieter sehr wichtig. Damit Sie Ihre Rechte und Möglichkeiten rund um das Thema &#8220;Wohnen&#8221; kennen, haben wir Ihnen in unserem Servicebereich wichtige Informationen und Hinweise zusammengestellt, z.B.</p>
<ul style="text-align: justify;">
<li>was ein <a href="https://renta-hv.net/cms-2017/wohnberechtigungsschein/"><strong>Wohnberechtigungsschein</strong></a> ist</li>
<li>woran Sie bei einem <strong>Wohnungswechsel</strong> denken müssen</li>
<li>wie Sie <strong><a href="https://renta-hv.net/cms-2017/haeufige-fragen/">&#8220;richtig&#8221; heizen und lüften</a></strong> &#8211; und dabei auch noch Geld sparen können</li>
<li>wie Sie Ihren <strong><a href="https://renta-hv.net/cms-2017/haeufige-fragen/">Wasser- und Stromverbrauch reduzieren</a></strong> &#8211; und somit auch die Verbrauchskosten</li>
</ul>
<p style="text-align: justify;">Weitere Fragen beantworten wir hier: <a href="https://renta-hv.net/cms-2017/haeufige-fragen/">FAQ &#8211; Häufige Fragen</a>.</p>
</div></section></p></div><div class="flex_column av_one_half  av-animated-generic bottom-to-top  flex_column_div av-zero-column-padding   " style='margin-top:0px; margin-bottom:0px; border-width:10px; border-color:#ffffff; border-style:solid; border-radius:0px; '><p><div style='padding-bottom:10px;' class='av-special-heading av-special-heading-h3     '><h3 class='av-special-heading-tag '  itemprop="headline"  >Sie möchten Mieter bei uns werden?</h3><div class='special-heading-border'><div class='special-heading-inner-border' ></div></div></div><br />
<section class="av_textblock_section "  itemscope="itemscope" itemtype="https://schema.org/CreativeWork" ><div class='avia_textblock  '   itemprop="text" ><p>Dann zögern Sie nicht und nehmen Sie mit uns an unter unserer Telefonnummer <strong>+49 3344 33599 &#8211; 33</strong> Kontakt auf. Wir freuen uns auf Ihren Anruf!</p>
<p>Gerne unterstützen wir Sie auch persönlich bei der Suche nach einem passenden Objekt. Ihren Ansprechpartner finden Sie in der Übersicht <a href="https://renta-hv.net/cms-2017/standorte/">Standorte der RENTA Hausverwaltung</a>.</p>
</div></section></p></div></div></div></div><!-- close content main div --></div></div><div id='after_section_1' class='main_color av_default_container_wrap container_wrap sidebar_right'   ><div class='container' ><div class='template-page content  av-content-small alpha units'><div class='post-entry post-entry-type-page post-entry-952'><div class='entry-content-wrapper clearfix'></p>
