{"id":1269,"date":"2017-11-16T12:01:20","date_gmt":"2017-11-16T11:01:20","guid":{"rendered":"https:\/\/renta-hv.net\/cms-2017\/?page_id=1269"},"modified":"2021-07-20T15:04:47","modified_gmt":"2021-07-20T13:04:47","slug":"haeufige-fragen","status":"publish","type":"page","link":"https:\/\/renta-hv.net\/cms-2017\/haeufige-fragen\/","title":{"rendered":"H\u00e4ufige Fragen"},"content":{"rendered":"<\/div><\/div><\/div><!-- close content main div --><\/div><\/div><div id='full_slider_1' class='avia-fullwidth-slider main_color avia-shadow   container_wrap sidebar_right'   ><div  data-size='extra_large'  data-lightbox_size='large'  data-animation='fade'  data-ids='1184'  data-video_counter='0'  data-autoplay='false'  data-bg_slider='false'  data-slide_height=''  data-handle='av_slideshow_full'  data-interval='6'  data-class=' '  data-css_id=''  data-scroll_down=''  data-control_layout='av-control-minimal'  data-custom_markup=''  data-perma_caption=''  data-autoplay_stopper=''  data-image_attachment=''  data-min_height='0px'  data-src=''  data-position='top left'  data-repeat='no-repeat'  data-attach='scroll'  data-stretch=''  data-default-height='100'  class='avia-slideshow avia-slideshow-1  av-control-minimal av-default-height-applied avia-slideshow-extra_large av_slideshow_full   avia-fade-slider '  itemscope=\"itemscope\" itemtype=\"https:\/\/schema.org\/ImageObject\" ><ul class='avia-slideshow-inner' style='padding-bottom: 25.78125%;'><li  class=' av-single-slide slide-1 ' ><div data-rel='slideshow-1' class='avia-slide-wrap'  ><img src='https:\/\/renta-hv.net\/cms-2017\/wp-content\/uploads\/2017\/09\/renta_schild_band.jpg' width='768' height='198' title='renta_schild_band' alt=''  itemprop=\"thumbnailUrl\"   \/><\/div><\/li><\/ul><\/div><\/div>\n<\/div><\/div><\/div><!-- close content main div --><\/div><\/div><div id='av-layout-grid-1' class='av-layout-grid-container entry-content-wrapper main_color av-fixed-cells    container_wrap sidebar_right'   >\n<div class=\"flex_cell no_margin av_one_half   \" style='vertical-align:top; padding:9px 0px 0px 0px ; background-color:#9f2134; '><div class='flex_cell_inner' ><\/div><\/div><div class=\"flex_cell no_margin av_one_half   \" style='vertical-align:top; padding:9px 0px 0px 0px ; background-color:#9f2134; '><div class='flex_cell_inner' ><\/div><\/div>\n<\/div>\n<\/div><\/div><\/div><!-- close content main div --><\/div><\/div><div id='av_section_1' class='avia-section main_color avia-section-huge avia-no-border-styling avia-bg-style-scroll   container_wrap sidebar_right'   ><div class='container' ><div class='template-page content  av-content-small alpha units'><div class='post-entry post-entry-type-page post-entry-1269'><div class='entry-content-wrapper clearfix'>\n<div class='flex_column_table av-equal-height-column-flextable -flextable' style='margin-top:-200px; margin-bottom:0px; '><div class=\"flex_column av_two_third  flex_column_table_cell av-equal-height-column av-align-top first  \" style='padding:40px; background-color:#dddddd; border-radius:0; '><p><div style='padding-bottom:10px;color:#000000;font-size:25px;' class='av-special-heading av-special-heading-h2 custom-color-heading blockquote modern-quote   av-inherit-size '><h2 class='av-special-heading-tag '  itemprop=\"headline\"  >H\u00e4ufige Fragen<\/h2><div class='special-heading-border'><div class='special-heading-inner-border' style='border-color:#000000'><\/div><\/div><\/div><br \/>\n<div style='height:20px' class='hr hr-invisible  '><span class='hr-inner ' ><span class='hr-inner-style'><\/span><\/span><\/div><br \/>\n<section class=\"av_textblock_section \"  itemscope=\"itemscope\" itemtype=\"https:\/\/schema.org\/CreativeWork\" ><div class='avia_textblock  '   itemprop=\"text\" ><div class=\"art-postheadericons art-metadata-icons\"><\/div>\n<div class=\"art-postcontent\">\n<div class=\"art-article\">\n<p><a name=\"oben\"><\/a><\/p>\n<h4><a name=\"mietschuldenfreihbesch\"><\/a>Was ist eine Mietschulden-Freiheitsbescheinigung und von wem erhalte ich sie?<\/h4>\n<p>Die Mietschulden-Freiheitsbescheinigung erhalten Sie vom Vermieter Ihrer derzeitigen Wohnung. In dieser best\u00e4tigt er, dass Sie in Ihrem laufenden Mietverh\u00e4ltnis keine Mietschulden haben. Ein Formular zum Download finden Sie in unserem <a href=\"https:\/\/renta-hv.net\/cms-2017\/download\/\">Servicebereich<\/a>.<\/p>\n<p>Manche Vermieter weigern sich, eine solche Bescheinigung auszustellen. In diesem Fall k\u00f6nnen Sie Quittungen \u00fcber geleistete Mietzahlungen von ihm verlangen.<\/p>\n<h4><a name=\"laerm\"><\/a>Mein Nachbar macht st\u00e4ndig L\u00e4rm &#8211; was kann ich tun?<\/h4>\n<p>Um gegen Ihren Nachbarn wirkungsvoll vorgehen zu k\u00f6nnen, ben\u00f6tigen wir ein \u201eL\u00e4rmprotokoll\u201c von Ihnen, in dem Sie Datum, Uhrzeit, Art und ggf. Dauer der Ruhest\u00f6rung beschreiben. Dokumentieren Sie die St\u00f6rungen \u00fcber einen l\u00e4ngeren Zeitraum, z.B. zwei bis drei Wochen, und motivieren Sie weitere Mitbewohner, Ihre Beschwerde zu unterst\u00fctzen und das L\u00e4rmprotokoll zu unterzeichnen. Das Protokoll schicken Sie dann per Post oder E-Mail an die f\u00fcr Ihre Wohnung zust\u00e4ndige Hausverwaltung.<\/p>\n<p>Eine Vorlage k\u00f6nnen Sie sich in unserem Servicebereich herunterladen.<\/p>\n<h4><a name=\"baulicheverand\"><\/a>Welche baulichen Ver\u00e4nderungen muss ich genehmigen lassen?<\/h4>\n<p>Zu den baulichen Ver\u00e4nderungen einer Wohnung z\u00e4hlen alle Ma\u00dfnahmen, die in die bauliche Substanz einer Wohnung eingreifen und nur schwer wieder r\u00fcckg\u00e4ngig zu machen sind. Dies umfasst z.B.:<\/p>\n<p>&#8211;\u00a0\u00a0\u00a0\u00a0\u00a0\u00a0 Einbau oder Erneuerung von Einbauk\u00fcchen<\/p>\n<p>&#8211;\u00a0\u00a0\u00a0\u00a0\u00a0\u00a0 Modernisierung der Fenster<\/p>\n<p>&#8211;\u00a0\u00a0\u00a0\u00a0\u00a0\u00a0 Verlegen von Wand- oder Bodenfliesen<\/p>\n<p>&#8211;\u00a0\u00a0\u00a0\u00a0\u00a0\u00a0 Verlegen von Laminat oder Parkett<\/p>\n<p>und anderes mehr. Bevor eine bauliche Ma\u00dfnahme durchgef\u00fchrt werden darf, ist diese von uns zu genehmigen. Genaue Regelungen hierzu, was in Ihrer Wohnung als bauliche Ma\u00dfnahme gilt und wie Sie bei einem entsprechenden Vorhaben vorgehen, finden Sie in Ihrem Mietvertrag. Mitunter sind Sie verpflichtet, beim Auszug Ihre Wohnung in den vorherigen Zustand zu versetzen (R\u00fcckbauverpflichtung).<\/p>\n<p>Erkundigen Sie sich daher fr\u00fchzeitig bei uns, wenn Sie eine Ver\u00e4nderung Ihrer Wohnung planen.<\/p>\n<h4><a name=\"betrkosten\"><\/a>Wann bekomme ich eine Betriebskostenabrechnung und was wird hier alles aufgef\u00fchrt?<\/h4>\n<p>Wir erstellen die Betriebskostenabrechnung f\u00fcr Ihre Wohnung\u00a0im laufenden Jahr f\u00fcr das vorangegangene. Danach passen wir die Vorauszahlungen entsprechend f\u00fcr Sie an. Diese k\u00f6nnen steigen oder auch sinken, immer abh\u00e4ngig davon, wie z.B. der Energieverbrauch im letzten Jahr war bzw. wie sich die Preise der Lieferanten entwickelten.<\/p>\n<p>Die Bestandteile einer Betriebskostenabrechnung sind gesetzlich geregelt, der Umfang kann jedoch von Haus zu Haus unterschiedlich sein. Bei Fragen zu Ihrer Betriebskostenabrechnung wenden Sie sich gerne an unsere <a title=\"zur \u00dcbersicht der B\u00fcros der RENTA AG Hausverwaltung\" href=\"https:\/\/renta-hv.net\/cms-2017\/standorte\/\">Mitarbeiter\/innen der Hausverwaltung<\/a>.<\/p>\n<p>Ihre Frage wird nicht beantwortet? Ihre zust\u00e4ndige\u00a0Hausverwaltung hilft Ihnen gerne weiter: <a href=\"https:\/\/renta-hv.net\/cms-2017\/standorte\/\">Standorte der RENTA AG Hausverwaltung<\/a>.<\/p>\n<\/div>\n<\/div>\n<\/div><\/section><\/p><\/div><\/div><!--close column table wrapper. Autoclose: 1 --><div class='flex_column_table av-equal-height-column-flextable -flextable' style='margin-top:-200px; margin-bottom:0px; '><div class='av-flex-placeholder'><\/div><div class=\"flex_column av_one_third  flex_column_table_cell av-equal-height-column av-align-top   \" style='padding:40px; background-color:#9f2134; border-radius:0px; '><p><div style='padding-bottom:10px;color:#ffffff;' class='av-special-heading av-special-heading-h4 custom-color-heading   '><h4 class='av-special-heading-tag '  itemprop=\"headline\"  >VERMIETUNGSAUSKUNFT<\/h4><div class='special-heading-border'><div class='special-heading-inner-border' style='border-color:#ffffff'><\/div><\/div><\/div><br \/>\n<section class=\"av_textblock_section \"  itemscope=\"itemscope\" itemtype=\"https:\/\/schema.org\/CreativeWork\" ><div class='avia_textblock  av_inherit_color '  style='color:#ffffff; '  itemprop=\"text\" ><p>Wohnung, Praxis, B\u00fcro oder Gewerbefl\u00e4chen gesucht?<br \/>\nDann rufen Sie uns unter der Telefonnummer<br \/>\n<strong>+49 3344 33599 &#8211; 33 <\/strong>an!<\/p>\n<\/div><\/section><br \/>\n<div style='padding-bottom:10px;color:#ffffff;' class='av-special-heading av-special-heading-h4 custom-color-heading    '><h4 class='av-special-heading-tag '  itemprop=\"headline\"  >Wir sind f\u00fcr Sie da<\/h4><div class='special-heading-border'><div class='special-heading-inner-border' style='border-color:#ffffff'><\/div><\/div><\/div><br \/>\n<section class=\"av_textblock_section \"  itemscope=\"itemscope\" itemtype=\"https:\/\/schema.org\/CreativeWork\" ><div class='avia_textblock  av_inherit_color '  style='color:#ffffff; '  itemprop=\"text\" ><p style=\"text-align: left;\">Bei Fragen oder W\u00fcnschen stehen wir Ihnen gern pers\u00f6nlich, telefonisch oder per E-Mail zur Verf\u00fcgung. Ihre Ansprechpartner sowie Kontaktdaten finden Sie in der <strong><a href=\"https:\/\/renta-hv.net\/cms-2017\/standorte\/\">Standort\u00fcbersicht<\/a><\/strong>.<\/p>\n<\/div><\/section><\/p><\/div><\/div><!--close column table wrapper. Autoclose: 1 --><\/div><\/div><\/div><!-- close content main div --><\/div><\/div><div id='after_section_1' class='main_color av_default_container_wrap container_wrap sidebar_right'   ><div class='container' ><div class='template-page content  av-content-small alpha units'><div class='post-entry post-entry-type-page post-entry-1269'><div class='entry-content-wrapper clearfix'>\n","protected":false},"excerpt":{"rendered":"","protected":false},"author":1,"featured_media":0,"parent":0,"menu_order":0,"comment_status":"closed","ping_status":"closed","template":"","meta":[],"_links":{"self":[{"href":"https:\/\/renta-hv.net\/cms-2017\/wp-json\/wp\/v2\/pages\/1269"}],"collection":[{"href":"https:\/\/renta-hv.net\/cms-2017\/wp-json\/wp\/v2\/pages"}],"about":[{"href":"https:\/\/renta-hv.net\/cms-2017\/wp-json\/wp\/v2\/types\/page"}],"author":[{"embeddable":true,"href":"https:\/\/renta-hv.net\/cms-2017\/wp-json\/wp\/v2\/users\/1"}],"replies":[{"embeddable":true,"href":"https:\/\/renta-hv.net\/cms-2017\/wp-json\/wp\/v2\/comments?post=1269"}],"version-history":[{"count":9,"href":"https:\/\/renta-hv.net\/cms-2017\/wp-json\/wp\/v2\/pages\/1269\/revisions"}],"predecessor-version":[{"id":1602,"href":"https:\/\/renta-hv.net\/cms-2017\/wp-json\/wp\/v2\/pages\/1269\/revisions\/1602"}],"wp:attachment":[{"href":"https:\/\/renta-hv.net\/cms-2017\/wp-json\/wp\/v2\/media?parent=1269"}],"curies":[{"name":"wp","href":"https:\/\/api.w.org\/{rel}","templated":true}]}}