{"id":1223,"date":"2017-11-16T05:17:59","date_gmt":"2017-11-16T04:17:59","guid":{"rendered":"https:\/\/renta-hv.net\/cms-2017\/?page_id=1223"},"modified":"2021-07-20T15:00:25","modified_gmt":"2021-07-20T13:00:25","slug":"wohnberechtigungsschein","status":"publish","type":"page","link":"https:\/\/renta-hv.net\/cms-2017\/wohnberechtigungsschein\/","title":{"rendered":"Wohnberechtigungsschein"},"content":{"rendered":"<\/div><\/div><\/div><!-- close content main div --><\/div><\/div><div id='full_slider_1' class='avia-fullwidth-slider main_color avia-shadow   container_wrap sidebar_right'   ><div  data-size='extra_large'  data-lightbox_size='large'  data-animation='fade'  data-ids='1232'  data-video_counter='0'  data-autoplay='false'  data-bg_slider='false'  data-slide_height=''  data-handle='av_slideshow_full'  data-interval='6'  data-class=' '  data-css_id=''  data-scroll_down=''  data-control_layout='av-control-minimal'  data-custom_markup=''  data-perma_caption=''  data-autoplay_stopper=''  data-image_attachment=''  data-min_height='0px'  data-src=''  data-position='top left'  data-repeat='no-repeat'  data-attach='scroll'  data-stretch=''  data-default-height='100'  class='avia-slideshow avia-slideshow-1  av-control-minimal av-default-height-applied avia-slideshow-extra_large av_slideshow_full   avia-fade-slider '  itemscope=\"itemscope\" itemtype=\"https:\/\/schema.org\/ImageObject\" ><ul class='avia-slideshow-inner' style='padding-bottom: 25.78125%;'><li  class=' av-single-slide slide-1 ' ><div data-rel='slideshow-1' class='avia-slide-wrap'  ><img src='https:\/\/renta-hv.net\/cms-2017\/wp-content\/uploads\/2017\/11\/head_wbs.jpg' width='768' height='198' title='head_wbs' alt=''  itemprop=\"thumbnailUrl\"   \/><\/div><\/li><\/ul><\/div><\/div>\n<\/div><\/div><\/div><!-- close content main div --><\/div><\/div><div id='av-layout-grid-1' class='av-layout-grid-container entry-content-wrapper main_color av-fixed-cells    container_wrap sidebar_right'   >\n<div class=\"flex_cell no_margin av_one_half   \" style='vertical-align:top; padding:9px 0px 0px 0px ; background-color:#9f2134; '><div class='flex_cell_inner' ><\/div><\/div><div class=\"flex_cell no_margin av_one_half   \" style='vertical-align:top; padding:9px 0px 0px 0px ; background-color:#9f2134; '><div class='flex_cell_inner' ><\/div><\/div>\n<\/div>\n<\/div><\/div><\/div><!-- close content main div --><\/div><\/div><div id='av_section_1' class='avia-section main_color avia-section-huge avia-no-border-styling avia-bg-style-scroll   container_wrap sidebar_right'   ><div class='container' ><div class='template-page content  av-content-small alpha units'><div class='post-entry post-entry-type-page post-entry-1223'><div class='entry-content-wrapper clearfix'>\n<div class='flex_column_table av-equal-height-column-flextable -flextable' style='margin-top:-200px; margin-bottom:0px; '><div class=\"flex_column av_two_third  flex_column_table_cell av-equal-height-column av-align-top first  \" style='padding:40px; background-color:#dddddd; border-radius:0; '><p><div style='padding-bottom:10px;color:#000000;font-size:25px;' class='av-special-heading av-special-heading-h2 custom-color-heading blockquote modern-quote   av-inherit-size '><h2 class='av-special-heading-tag '  itemprop=\"headline\"  >Wohnberechtigungsschein<\/h2><div class='special-heading-border'><div class='special-heading-inner-border' style='border-color:#000000'><\/div><\/div><\/div><br \/>\n<div style='height:20px' class='hr hr-invisible  '><span class='hr-inner ' ><span class='hr-inner-style'><\/span><\/span><\/div><br \/>\n<section class=\"av_textblock_section \"  itemscope=\"itemscope\" itemtype=\"https:\/\/schema.org\/CreativeWork\" ><div class='avia_textblock  '   itemprop=\"text\" ><h4>Wann und warum brauche ich ihn zum Bezug einer Mietwohnung?<\/h4>\n<p>Ein Wohnberechtigungsschein (WBS) wird vom Gesetzgeber gefordert, wenn es um den Bezug einer \u201esozial gef\u00f6rderten Wohnung\u201c geht. Beim sozialen Wohnungsbau handelt es sich um Wohnungen, deren Bau (oder Grundsanierung) speziell auf die Situation geringerer Einkommen, die ihren Bedarf an Wohnungen am freien Markt nicht decken k\u00f6nnen, ausgerichtet war und daher finanziell vom Staat unterst\u00fctzt wurde. Wohnungssuchende m\u00fcssen daher bestimmte Voraussetzungen erf\u00fcllen, um eine derartige Wohnung beziehen zu k\u00f6nnen.<\/p>\n<p>Es gibt\u00a0zwei Arten einer gef\u00f6rderten Wohnung:<\/p>\n<p>F\u00fcr Wohnungen im <strong>1. F\u00f6rderweg<\/strong> ben\u00f6tigt der Wohnungssuchende einen allgemeinen Wohnberechtigungsschein. Dieser wird ohne Bindung an eine bestimmte Wohnung ausgestellt, so dass Sie sich hiermit bei uns f\u00fcr unterschiedliche Wohnungen bewerben k\u00f6nnen.<\/p>\n<p>F\u00fcr Wohnungen im\u00a0<strong>3. <\/strong><strong>F\u00f6rderweg<\/strong> gelten unterschiedliche Einkommensgrenzen, weshalb die Berechtigungsscheine nur f\u00fcr eine bestimmte Wohnung ausgestellt werden. Hier m\u00fcssten Sie sich zun\u00e4chst eine passende Wohnung aus <a href=\"http:\/\/www.renta-hv.net\/hv\/cms\/vermietungs-datenbank\/mietangebote.html\" target=\"_blank\" rel=\"noopener\">unserem Angebot <\/a>aussuchen. Wohnungen im 3.\u00a0F\u00f6rderweg werden gem\u00e4\u00df gesetzlicher Grundlage ohne WBS vermietet.<\/p>\n<h4><a name=\"anspruch\"><\/a>Wann bin ich anspruchsberechtigt?<\/h4>\n<p>Grunds\u00e4tzlich gilt, dass die Berechtigung f\u00fcr einen WBS u.a. an das Haushaltseinkommen sowie die ma\u00dfgebliche Wohnungsgr\u00f6\u00dfe gekoppelt ist. Die Richtlinien sind von Bundesland zu Bundesland verschieden.<\/p>\n<p>In Brandenburg gilt derzeit zur Beantragung eines allgemeinen WBS (&#8220;1. F\u00f6rderweg&#8221;) f\u00fcr einen Zweipersonenhaushalt z.B.<\/p>\n<ul>\n<li>eine Einkommensgrenze von 18.000 \u20ac\/Jahr (brutto) sowie<\/li>\n<li>eine Wohnungsgr\u00f6\u00dfe von maximal 2 Zimmern oder 65,00 m\u00b2<\/li>\n<\/ul>\n<p>(Stand: November 2012)<\/p>\n<p>Bitte erfragen Sie die f\u00fcr Sie zutreffenden Konditionen beim Wohnungsamt.<\/p>\n<h4><a name=\"beschaffung\"><\/a>Wo bekomme ich einen WBS und wie lange gilt er?<\/h4>\n<p>Ein Wohnberechtigungsschein wird vom zust\u00e4ndigen Wohnungs\u00adamt Ihres jetzigen Heimatorts ausgestellt. Der WBS hat die G\u00fcltigkeit von einem Jahr, danach ist er ggf. neu zu beantragen. Nach dem Einzug brauchen Sie ihn nicht mehr zu verl\u00e4ngern.<\/p>\n<p><strong>WICHTIG<\/strong>!<\/p>\n<div>\n<p>Die Ausstellung eines WBS ist L\u00e4ndersache! Das hei\u00dft, jedes Bundesland besitzt eigene Antragsformulare, Nachweispflichten und Freibetr\u00e4ge zur Berechnung der Einkommensgrenzen.<\/p>\n<p>Bitte informieren Sie sich bei Ihrem Wohnungsamt.<\/p>\n<\/div>\n<h4><a name=\"einkommen\"><\/a>Was passiert, wenn ich nach dem Einzug mehr Geld verdiene? Muss ich dann wieder ausziehen?<\/h4>\n<p>Nein. Wer einmal mittels WBS eine gef\u00f6rderte Wohnung bezogen hat, muss nicht ausziehen, wenn sein Einkommen sp\u00e4ter die festgelegten Grenzen \u00fcbersteigt.<\/p>\n<\/div><\/section><\/p><\/div><\/div><!--close column table wrapper. Autoclose: 1 --><div class='flex_column_table av-equal-height-column-flextable -flextable' style='margin-top:-200px; margin-bottom:0px; '><div class='av-flex-placeholder'><\/div><div class=\"flex_column av_one_third  flex_column_table_cell av-equal-height-column av-align-top   \" style='padding:40px; background-color:#9f2134; border-radius:0px; '><p><div style='padding-bottom:10px;color:#ffffff;' class='av-special-heading av-special-heading-h4 custom-color-heading   '><h4 class='av-special-heading-tag '  itemprop=\"headline\"  >VERMIETUNGSAUSKUNFT<\/h4><div class='special-heading-border'><div class='special-heading-inner-border' style='border-color:#ffffff'><\/div><\/div><\/div><br \/>\n<section class=\"av_textblock_section \"  itemscope=\"itemscope\" itemtype=\"https:\/\/schema.org\/CreativeWork\" ><div class='avia_textblock  av_inherit_color '  style='color:#ffffff; '  itemprop=\"text\" ><p>Wohnung, Praxis, B\u00fcro oder Gewerbefl\u00e4chen gesucht?<br \/>\nDann rufen Sie uns unter der Telefonnummer<br \/>\n<strong>+49 3344 33599 &#8211; 33 <\/strong>an!<\/p>\n<\/div><\/section><br \/>\n<div style='padding-bottom:10px;color:#ffffff;' class='av-special-heading av-special-heading-h4 custom-color-heading    '><h4 class='av-special-heading-tag '  itemprop=\"headline\"  >Tipp<\/h4><div class='special-heading-border'><div class='special-heading-inner-border' style='border-color:#ffffff'><\/div><\/div><\/div><br \/>\n<section class=\"av_textblock_section \"  itemscope=\"itemscope\" itemtype=\"https:\/\/schema.org\/CreativeWork\" ><div class='avia_textblock  av_inherit_color '  style='color:#ffffff; '  itemprop=\"text\" ><p style=\"text-align: left;\">Die Adresse des f\u00fcr Ihren Wohnort <strong>zust\u00e4ndigen Wohnungsamts<\/strong> (&#8220;Amt f\u00fcr Wohnungswesen&#8221;) k\u00f6nnen Sie z.B. im Internet bei <a title=\"zur Beh\u00f6rdensuche bei DasTelefonbuch\" href=\"http:\/\/www.dastelefonbuch.de\/Behoerden\/Wohnungsamt.html\" target=\"_blank\" rel=\"noopener\">telefonbuch.de<\/a> nachschlagen.<\/p>\n<p style=\"text-align: left;\">Gibt es in Ihrem Ort kein Wohnungsamt, so wenden Sie sich am besten an Ihre <strong>Gemeindeverwaltung<\/strong> und erfragen die zust\u00e4ndige Stelle f\u00fcr Ihr Anliegen. Oftmals \u00fcbernehmen hier Mitarbeiter des Sozial- oder Bauamts verschiedene Funktionen des Wohnungsamtes.<\/p>\n<\/div><\/section><br \/>\n<div style='padding-bottom:10px;color:#ffffff;' class='av-special-heading av-special-heading-h4 custom-color-heading    '><h4 class='av-special-heading-tag '  itemprop=\"headline\"  >Wir sind f\u00fcr Sie da<\/h4><div class='special-heading-border'><div class='special-heading-inner-border' style='border-color:#ffffff'><\/div><\/div><\/div><br \/>\n<section class=\"av_textblock_section \"  itemscope=\"itemscope\" itemtype=\"https:\/\/schema.org\/CreativeWork\" ><div class='avia_textblock  av_inherit_color '  style='color:#ffffff; '  itemprop=\"text\" ><p style=\"text-align: left;\">Bei Fragen oder W\u00fcnschen stehen wir Ihnen gern pers\u00f6nlich, telefonisch oder per E-Mail zur Verf\u00fcgung. Ihre Ansprechpartner sowie Kontaktdaten finden Sie in der <strong><a href=\"https:\/\/renta-hv.net\/cms-2017\/standorte\/\">Standort\u00fcbersicht<\/a><\/strong>.<\/p>\n<\/div><\/section><\/p><\/div><\/div><!--close column table wrapper. Autoclose: 1 --><\/div><\/div><\/div><!-- close content main div --><\/div><\/div><div id='after_section_1' class='main_color av_default_container_wrap container_wrap sidebar_right'   ><div class='container' ><div class='template-page content  av-content-small alpha units'><div class='post-entry post-entry-type-page post-entry-1223'><div class='entry-content-wrapper clearfix'>\n","protected":false},"excerpt":{"rendered":"","protected":false},"author":1,"featured_media":0,"parent":0,"menu_order":0,"comment_status":"closed","ping_status":"closed","template":"","meta":[],"_links":{"self":[{"href":"https:\/\/renta-hv.net\/cms-2017\/wp-json\/wp\/v2\/pages\/1223"}],"collection":[{"href":"https:\/\/renta-hv.net\/cms-2017\/wp-json\/wp\/v2\/pages"}],"about":[{"href":"https:\/\/renta-hv.net\/cms-2017\/wp-json\/wp\/v2\/types\/page"}],"author":[{"embeddable":true,"href":"https:\/\/renta-hv.net\/cms-2017\/wp-json\/wp\/v2\/users\/1"}],"replies":[{"embeddable":true,"href":"https:\/\/renta-hv.net\/cms-2017\/wp-json\/wp\/v2\/comments?post=1223"}],"version-history":[{"count":10,"href":"https:\/\/renta-hv.net\/cms-2017\/wp-json\/wp\/v2\/pages\/1223\/revisions"}],"predecessor-version":[{"id":1598,"href":"https:\/\/renta-hv.net\/cms-2017\/wp-json\/wp\/v2\/pages\/1223\/revisions\/1598"}],"wp:attachment":[{"href":"https:\/\/renta-hv.net\/cms-2017\/wp-json\/wp\/v2\/media?parent=1223"}],"curies":[{"name":"wp","href":"https:\/\/api.w.org\/{rel}","templated":true}]}}